.
6
Calculate the remainder when 240245 is divided by 6861.
110
What is the remainder when 70853 is divided by 6349?
1014
Calculate the remainder when 51645762 is divided by 51645760.
2
What is the remainder when 212264848 is divided by 21?
19
Calculate the remainder when 55816872 is divided by 3928.
3920
What is the remainder when 47604 is divided by 47458?
146
Calculate the remainder when 7098475 is divided by 292.
247
Calculate the remainder when 40689 is divided by 7241.
4484
Calculate the remainder when 2149859 is divided by 1082.
1007
What is the remainder when 13960156 is divided by 10608?
28
What is the remainder when 5887575 is divided by 126?
99
Calculate the remainder when 218151 is divided by 96.
39
Calculate the remainder when 753178 is divided by 882.
832
What is the remainder when 2653404 is divided by 663330?
84
What is the remainder when 48948906 is divided by 22?
6
Calculate the remainder when 47555 is divided by 1211.
326
What is the remainder when 681495 is divided by 58?
53
Calculate the remainder when 1112 is divided by 856.
256
What is the remainder when 6055184 is divided by 3034?
2354
Calculate the remainder when 44670959 is divided by 1363.
1360
What is the remainder when 226492 is divided by 14153?
44
Calculate the remainder when 398544 is divided by 5109.
42
Calculate the remainder when 185437 is divided by 724.
93
What is the remainder when 1674988 is divided by 334962?
178
Calculate the remainder when 33118858 is divided by 156221.
6
Calculate the remainder when 429232 is divided by 20277.
3415
What is the remainder when 3926473 is divided by 42220?
13
What is the remainder when 36103596 is divided by 1048?
1044
What is the remainder when 107539 is divided by 107528?
11
What is the remainder when 2568895 is divided by 856046?
757
Calculate the remainder when 27529832 is divided by 497.
8
Calculate the remainder when 574822 is divided by 22072.
950
Calculate the remainder when 78351 is divided by 301.
91
Calculate the remainder when 434660 is divided by 35821.
4808
Calculate the remainder when 9853746 is divided by 22.
12
What is the remainder when 36194900 is divided by 72?
68
Calculate the remainder when 321109 is divided by 480.
469
What is the remainder when 35788 is divided by 1531?
575
Calculate the remainder when 81295371 is divided by 5440.
11
What is the remainder when 49630 is divided by 24806?
18
Calculate the remainder when 14892112 is divided by 9534.
4
What is the remainder when 368853 is divided by 92161?
209
What is the remainder when 30648060 is divided by 128?
124
Calculate the remainder when 8295257 is divided by 5234.
4601
What is the remainder when 349158 is divided by 116385?
3
Calculate the remainder when 1233245 is divided by 346.
101
Calculate the remainder when 1140170750 is divided by 128.
126
What is the remainder when 219649 is divided by 38?
9
What is the remainder when 10267688 is divided by 12?
8
Calculate the remainder when 45924089 is divided by 205.
194
Calculate the remainder when 997239 is divided by 2059.
683
What is the remainder when 585721 is divided by 254?
251
What is the remainder when 205459 is divided by 575?
184
What is the remainder when 1700798 is divided by 1700657?
141
Calculate the remainder when 1000429 is divided by 499240.
1949
Calculate the remainder when 690120 is divided by 10297.
221
What is the remainder when 6658442 is divided by 133?
63
What is the remainder when 149171903 is divided by 46?
21
Calculate the remainder when 15291524 is divided by 53.
17
Calculate the remainder when 1434042 is divided by 1433890.
152
Calculate the remainder when 19016786 is divided by 190.
66
What is the remainder when 90463 is divided by 21?
16
What is the remainder when 1110452 is divided by 787?
782
Calculate the remainder when 538000 is divided by 617.
593
What is the remainder when 45008 is divided by 21840?
1328
What is the remainder when 4790650 is divided by 88?
18
What is the remainder when 223033 is divided by 345?
163
Calculate the remainder when 127772 is divided by 114813.
12959
What is the remainder when 230612 is divided by 23053?
82
Calculate the remainder when 2212642 is divided by 1896.
10
What is the remainder when 3431942 is divided by 1715951?
40
What is the remainder when 52161 is divided by 2869?
519
What is the remainder when 10455 is divided by 2284?
1319
What is the remainder when 7685083 is divided by 3405?
3403
What is the remainder when 2545292 is divided by 48?
44
What is the remainder when 1072683 is divided by 3739?
3329
What is the remainder when 26545 is divided by 5619?
4069
What is the remainder when 6206596 is divided by 172404?
52
What is the remainder when 441830 is divided by 63118?
4
What is the remainder when 1801629 is divided by 649?
5
Calculate the remainder when 21216 is divided by 2918.
790
Calculate the remainder when 140096 is divided by 193.
171
Calculate the remainder when 92805 is divided by 92779.
26
What is the remainder when 117098489 is divided by 1198?
1177
What is the remainder when 3152511 is divided by 7281?
7119
What is the remainder when 1169490 is divided by 2576?
2562
What is the remainder when 157830 is divided by 1834?
106
Calculate the remainder when 52864 is divided by 265.
129
Calculate the remainder when 203634 is divided by 6557.
367
Calculate the remainder when 31467949 is divided by 369.
367
What is the remainder when 6239 is divided by 1652?
1283
What is the remainder when 164806 is divided by 455?
96
Calculate the remainder when 34106031 is divided by 108.
63
Calculate the remainder when 1956082 is divided by 2687.
2633
What is the remainder when 237089 is divided by 7407?
65
Calculate the remainder when 6960265 is divided by 3480124.
17
What is the remainder when 698509228 is divided by 23?
10
Calculate the remainder when 256009 is divided by 85329.
22
Calculate the remainder when 2903512 is divided by 362937.
16
What is the remainder when 31195774 is divided by 18?
10
Calculate the remainder when 22731 is divided by 7331.
738
What is the remainder when 503047 is divided by 95?
22
What is the remainder when 76175 is divided by 343?
29
Calculate the remainder when 345660 is divided by 7506.
384
Calculate the remainder when 7079031 is divided by 80.
71
What is the remainder when 562976 is divided by 6621?
191
Calculate the remainder when 24726 is divided by 1999.
738
What is the remainder when 11854559 is divided by 27?
20
What is the remainder when 109607359 is divided by 54803674?
11
Calculate the remainder when 181907 is divided by 172.
103
What is the remainder when 5462475 is divided by 914?
411
Calculate the remainder when 1219472 is divided by 955.
892
What is the remainder when 253751 is divided by 569?
546
Calculate the remainder when 5145647 is divided by 1715204.
35
What is the remainder when 16544725 is divided by 1872?
1861
What is the remainder when 105825687 is divided by 162?
159
What is the remainder when 5490669 is divided by 5490668?
1
Calculate the remainder when 2175980 is divided by 1244.
224
What is the remainder when 780788 is divided by 60058?
34
What is the remainder when 3698326 is divided by 21?
16
Calculate the remainder when 235753 is divided by 186.
91
What is the remainder when 7455522 is divided by 21?
18
What is the remainder when 102696 is divided by 826?
272
What is the remainder when 633579 is divided by 211151?
126
What is the remainder when 78270 is divided by 5869?
1973
What is the remainder when 2758276 is divided by 3315?
196
What is the remainder when 18581466 is divided by 19?
17
What is the remainder when 19148713 is divided by 19148705?
8
Calculate the remainder when 1029026 is divided by 257156.
402
What is the remainder when 77747 is divided by 10303?
5626
What is the remainder when 791942 is divided by 1117?
1106
Calculate the remainder when 187270 is divided by 75.
70
What is the remainder when 358647 is divided by 549?
150
Calculate the remainder when 31421044 is divided by 599.
499
What is the remainder when 4835226 is divided by 581?
144
What is the remainder when 94127935 is divided by 1304?
1303
Calculate the remainder when 11599583 is divided by 2494.
2483
Calculate the remainder when 5126665 is divided by 656.
25
What is the remainder when 